e 11
-3912
What is -34 (base 6) in base 4?
-112
Convert -2565 (base 11) to base 6.
-23242
-3310010 (base 4) to base 7
-63353
Convert 13131 (base 7) to base 6.
24113
Convert -51 (base 9) to base 5.
-141
Convert 132021 (base 4) to base 9.
2573
What is -10011011001111 (base 2) in base 8?
-23317
Convert -6505 (base 9) to base 3.
-20120012
Convert 10001111010001 (base 2) to base 13.
4234
What is -10000001000010 (base 2) in base 10?
-8258
What is 301315 (base 6) in base 2?
101110001101111
-2aa8 (base 14) to base 15
-23b6
Convert 6b7 (base 12) to base 5.
13003
-1220011 (base 3) to base 4
-111211
Convert -27886 (base 9) to base 6.
-223423
41363 (base 8) to base 9
25453
What is -30112320 (base 4) in base 15?
-eee6
What is -14312 (base 12) in base 10?
-28094
22113311 (base 4) to base 15
c8c5
What is 21220121 (base 3) in base 14?
215d
Convert -7245 (base 8) to base 6.
-25205
Convert -55661 (base 10) to base 5.
-3240121
What is 1010110001010000 (base 2) in base 4?
22301100
232300 (base 4) to base 3
11002211
Convert -7239 (base 13) to base 14.
-5a61
What is -6632 (base 7) in base 12?
-145b
-1302310 (base 4) to base 3
-101002011
What is 24050 (base 6) in base 11?
268a
Convert -1220110 (base 3) to base 8.
-2555
What is -1310 (base 8) in base 3?
-222101
Convert -201101210 (base 3) to base 8.
-33476
What is -74a5 (base 13) in base 10?
-16190
What is -1c5 (base 15) in base 10?
-410
Convert -2616 (base 7) to base 12.
-6a9
What is 3584 (base 12) in base 6?
43444
77104 (base 8) to base 7
163145
Convert 5449 (base 11) to base 7.
26653
What is 4044 (base 5) in base 11?
437
100110001 (base 2) to base 8
461
What is 151 (base 9) in base 2?
1111111
What is d13 (base 16) in base 8?
6423
Convert 2c2 (base 15) to base 9.
772
What is 11001111111 (base 2) in base 10?
1663
Convert -443500 (base 7) to base 5.
-4444411
1113212 (base 4) to base 10
5606
What is 10b4c (base 14) in base 5?
2300030
3271 (base 13) to base 3
100122001
What is 1821 (base 16) in base 2?
1100000100001
Convert -400 (base 13) to base 15.
-301
What is 57189 (base 10) in base 7?
325506
What is -212021212 (base 3) in base 13?
-7961
What is 5b9 (base 12) in base 11?
713
What is -576 (base 10) in base 9?
-710
-5163 (base 9) to base 2
-111011000111
-1024 (base 16) to base 6
-31044
What is a8a1 (base 15) in base 13?
13333
What is -170 (base 9) in base 11?
-121
1203132 (base 5) to base 16
5714
33021 (base 4) to base 12
689
What is 6963 (base 10) in base 4?
1230303
What is -642 (base 16) in base 4?
-121002
2101022 (base 3) to base 14
8c0
a2 (base 16) to base 6
430
Convert 111102100 (base 3) to base 2.
10011000110111
What is 21649 (base 10) in base 13?
9b14
What is -2323210 (base 4) in base 8?
-27344
-7800 (base 16) to base 10
-30720
What is 227 (base 14) in base 13?
26b
8b10 (base 13) to base 10
19448
What is -107574 (base 9) in base 13?
-23551
-110000110100 (base 2) to base 4
-300310
3572 (base 8) to base 14
9aa
Convert 1104 (base 6) to base 13.
169
Convert 23537 (base 9) to base 2.
11110110000100
What is b512 (base 15) in base 13?
14558
Convert 1101010001001 (base 2) to base 7.
25543
bbbc (base 13) to base 14
9781
-556 (base 12) to base 7
-2202
What is 1467a (base 12) in base 11?
1a546
Convert 2344 (base 5) to base 10.
349
-14110 (base 8) to base 11
-4741
Convert 6708 (base 15) to base 11.
15449
7dd (base 15) to base 3
2110001
61024 (base 11) to base 6
1524551
12034 (base 10) to base 13
5629
What is 44112 (base 6) in base 3?
22100122
Convert -2549 (base 14) to base 8.
-14605
101001111001 (base 2) to base 5
41211
3265 (base 15) to base 11
8020
46507 (base 10) to base 6
555151
What is -11101011010 (base 2) in base 16?
-75a
3 (base 9) to base 2
11
Convert 14836 (base 10) to base 7.
61153
Convert 206 (base 13) to base 9.
422
Convert -3a85 (base 13) to base 12.
-4a32
What is -11001001111110 (base 2) in base 13?
-5b64
-11352 (base 7) to base 12
-1840
Convert -10 (base 13) to base 3.
-111
15070 (base 11) to base 16
537d
Convert -7d50 (base 16) to base 3.
-1122000011
What is 10372 (base 8) in base 16?
10fa
-1121 (base 9) to base 14
-433
What is 3d4 (base 16) in base 14?
500
Convert 6c9 (base 16) to base 7.
5031
Convert -259 (base 16) to base 14.
-30d
Convert -3a22 (base 15) to base 14.
-4743
Convert 453 (base 9) to base 15.
19c
Convert 12232 (base 5) to base 6.
4210
-34 (base 6) to base 7
-31
-222 (base 10) to base 13
-141
-4449 (base 12) to base 3
-101100110
Convert -1100011101011 (base 2) to base 15.
-1d54
What is -1023132 (base 4) in base 8?
-11336
-21b (base 16) to base 7
-1400
What is -7 (base 11) in base 12?
-7
2115 (base 11) to base 7
11106
543 (base 6) to base 16
cf
-177 (base 10) to base 2
-10110001
Convert -2f9 (base 16) to base 2.
-1011111001
-454 (base 14) to base 12
-5b6
-110010100010 (base 2) to base 11
-2480
Convert 328 (base 13) to base 12.
391
What is 1429 (base 14) in base 16?
ded
-5453 (base 9) to base 7
-14466
104311 (base 5) to base 7
13543
Convert 77073 (base 8) to base 11.
22308
What is -1232 (base 4) in base 7?
-215
Convert -731 (base 8) to base 6.
-2105
Convert -100111100101 (base 2) to base 3.
-10110211
23030 (base 6) to base 15
e73
What is -412 (base 7) in base 14?
-109
-3728 (base 12) to base 10
-6224
What is -1114 (base 12) in base 2?
-11101100000
Convert 14003 (base 5) to base 12.
7a0
Convert -119 (base 12) to base 11.
-140
-2111121 (base 3) to base 9
-2447
-29 (base 11) to base 15
-21
Convert 4528 (base 11) to base 13.
2935
What is a48 (base 11) in base 9?
1652
-226 (base 14) to base 16
-1aa
What is 3000320 (base 4) in base 13?
5807
5d2e (base 15) to base 14
7336
What is 77c3 (base 13) in base 12?
9815
62505 (base 7) to base 4
3233232
What is 76 (base 10) in base 15?
51
Convert 154353 (base 7) to base 5.
1432434
-2223121 (base 4) to base 7
-43660
Convert -6a (base 15) to base 6.
-244
What is a60d (base 16) in base 8?
123015
Convert 81b (base 12) to base 3.
1121112
302a (base 13) to base 7
25215
What is -647 (base 10) in base 5?
-10042
-871b (base 16) to base 12
-18023
Convert 132310 (base 4) to base 16.
7b4
963 (base 13) to base 15
71c
Convert 3220212 (base 4) to base 15.
4626
Convert 152024 (base 7) to base 12.
150b8
What is -30374 (base 8) in base 3?
-122012110
What is -4676 (base 11) in base 2?
-1011111110101
What is -1110110101010 (base 2) in base 10?
-7594
-30001 (base 6) to base 16
-f31
What is 637 (base 8) in base 13?
25c
What is 269 (base 12) in base 6?
1413
What is 42031 (base 5) in base 3?
10210110
28685 (base 9) to base 16
4c3d
What is -100001011101 (base 2) in base 5?
-32031
2a9 (base 14) to base 16
21d
-7534 (base 10) to base 2
-1110101101110
What is -2672 (base 9) in base 15?
-8de
-2111 (base 5) to base 10
-281
11bd (base 14) to base 7
12026
What is 220010 (base 3) in base 9?
803
Convert -51026 (base 8) to base 4.
-11020112
Convert -2933 (base 11) to base 3.
-12012021
What is -200210 (base 3) in base 5?
-4012
311510 (base 6) to base 8
60702
-404121 (base 5) to base 7
-53002
What is -b8 (base 14) in base 16?
-a2
Convert -1023233 (base 5) to base 3.
-212202102
-21511 (base 7) to base 6
-40554
12331 (base 4) to base 7
1204
Convert 55561 (base 8) to base 7.
125151
Convert 140241 (base 7) to base 3.
1100101220
-84568 (base 10) to base 11
-585a0
Convert -1443 (base 5) to base 4.
-3320
Convert -621 (base 9) to base 15.
-23a
What is 12c (base 13) in base 2?
11001111
-70302 (base 8) to base 11
-1a762
Convert 3240 (base 7) to base 5.
14110
18453 (base 9) to base 12
7479
-387b (base 12) to base 16
-191f
What is 426 (base 11) in base 13?
305
Convert 10021 (base 5) to base 8.
1174
What is 385 (base 12) in base 3?
201202
Convert -2164 (base 10) to base 16.
-874
What is 353 (base 7) in base 3?
20212
What is 40 (base 15) in base 3?
2020
What is -11000100 (base 2) in base 15?
-d1
-197 (base 10) to base 16
-c5
-22b6 (base 15) to base 2
-1110011001011
Convert 10113 (base 5) to base 13.
3b8
What is -447 (base 12) in base 10?
-631
Convert 13982 (base 10) to base 16.
369e
Convert -5400 (base 6) to base 5.
-14344
12c5 (base 15) to base 5
112020
2002121 (base 3) to base 12
a74
What is 197 (base 13) in base 15?
148
Convert 3c3 (base 16) to base 4.
33003
Convert 31524 (base 6) to base 9.
5807
What is 2a95 (base 14) in base 2?
1110110011011
What is -10111222 (base 3) in base 11?
-1a21
-125046 (base